 655?
True
Does 26 divide 6470152?
True
Does 24 divide 3829584?
True
Is 58134 a multiple of 110?
False
Is 600300 a multiple of 5?
True
Is 123653 a multiple of 55?
False
Does 33 divide 181315?
False
Is 22 a factor of 13162357?
False
Is 3 a factor of 863524?
False
Does 111 divide 87612?
False
Is 28 a factor of 336?
True
Does 30 divide 128117?
False
Is 42 a factor of 71736?
True
Is 1546933 a multiple of 17?
False
Is 60647 a multiple of 17?
False
Is 41 a factor of 71014?
False
Is 1663555 a multiple of 21?
False
Is 4412286 a multiple of 909?
True
Is 1042440 a multiple of 210?
True
Is 220783 a multiple of 7?
False
Does 91 divide 538884?
False
Is 413 a factor of 337320?
False
Is 17 a factor of 2397595?
True
Is 197 a factor of 5587708?
True
Is 167346 a multiple of 54?
True
Is 957 a factor of 8955606?
True
Is 10 a factor of 617598?
False
Does 344 divide 207088?
True
Is 65 a factor of 26238?
False
Does 5 divide 368805?
True
Is 21176000 a multiple of 32?
True
Is 10 a factor of 203988?
False
Does 66 divide 3587360?
False
Is 25932114 a multiple of 18?
True
Does 26 divide 2669342?
True
Does 46 divide 2141438?
True
Does 2044 divide 3215212?
True
Is 203 a factor of 1347311?
True
Is 7 a factor of 23424?
False
Is 12 a factor of 35232?
True
Is 203967 a multiple of 13?
False
Is 660 a factor of 3858312?
False
Is 198436 a multiple of 133?
True
Is 142522 a multiple of 62?
False
Is 171738 a multiple of 63?
True
Does 25 divide 27625?
True
Is 7695 a multiple of 19?
True
Is 88410 a multiple of 14?
True
Is 2007258 a multiple of 22?
True
Is 1754364 a multiple of 247?
False
Does 80 divide 157600?
True
Is 18877328 a multiple of 212?
True
Is 1902849 a multiple of 6?
False
Is 169878 a multiple of 135?
False
Does 20 divide 889931?
False
Is 13 a factor of 2005939?
True
Does 52 divide 76544?
True
Is 13 a factor of 3439967?
False
Is 121406 a multiple of 202?
False
Does 40 divide 384772?
False
Is 23716 a multiple of 2?
True
Is 130 a factor of 131430?
True
Is 602 a factor of 2476401?
False
Is 26 a factor of 11608181?
False
Does 20 divide 36803?
False
Is 801836 a multiple of 49?
True
Does 228 divide 373692?
True
Is 239670 a multiple of 110?
False
Is 38748 a multiple of 6?
True
Is 30762 a multiple of 10?
False
Is 238426 a multiple of 62?
False
Is 322564 a multiple of 44?
True
Is 46 a factor of 1889375?
False
Is 4058985 a multiple of 87?
True
Is 6 a factor of 755110?
False
Is 355 a factor of 1694938?
False
Is 53 a factor of 168422?
False
Is 64674 a multiple of 33?
False
Is 316316 a multiple of 154?
True
Is 4 a factor of 107487?
False
Does 4 divide 49064?
True
Is 2005395 a multiple of 43?
False
Does 5 divide 108431?
False
Is 5 a factor of 4574405?
True
Does 70 divide 1125243?
False
Is 18 a factor of 4093416?
True
Does 270 divide 183835?
False
Is 163030 a multiple of 106?
False
Is 91 a factor of 112457?
False
Is 97 a factor of 4110181?
True
Does 16 divide 486718?
False
Is 6 a factor of 13204?
False
Is 164572 a multiple of 58?
False
Does 82 divide 2551694?
False
Is 397 a factor of 4245518?
True
Does 93 divide 14942124?
True
Is 54 a factor of 13338?
True
Is 430196 a multiple of 628?
False
Is 95 a factor of 62890?
True
Does 1041 divide 1710214?
False
Is 143 a factor of 82155?
False
Is 16 a factor of 409371?
False
Is 57 a factor of 207241?
False
Is 171549 a multiple of 217?
False
Is 5298390 a multiple of 18?
True
Is 4375243 a multiple of 1449?
False
Is 269612 a multiple of 68?
False
Is 22980 a multiple of 60?
True
Does 87 divide 230550?
True
Is 5 a factor of 453090?
True
Is 88 a factor of 220088?
True
Does 50 divide 213450?
True
Does 121 divide 6319090?
False
Does 24 divide 10320?
True
Does 17 divide 666166?
False
Is 8 a factor of 17171?
False
Does 25 divide 2218925?
True
Does 18 divide 407772?
True
Is 11 a factor of 14659521?
False
Does 65 divide 125730?
False
Does 35 divide 1143205?
True
Is 13915084 a multiple of 24?
False
Does 144 divide 1943617?
False
Is 191063 a multiple of 443?
False
Does 22 divide 149402?
True
Is 2816236 a multiple of 11?
False
Does 17 divide 11847?
False
Is 7 a factor of 126091?
True
Is 110 a factor of 101605?
False
Does 34 divide 230703?
False
Is 543 a multiple of 216?
False
Does 25 divide 144066?
False
Is 1368639 a multiple of 143?
False
Does 16 divide 221121?
False
Is 16 a factor of 23391?
False
Does 438 divide 4725522?
False
Is 5 a factor of 77090?
True
Is 1133 a factor of 4702373?
False
Does 3 divide 47403?
True
Is 6 a factor of 3102?
True
Is 41516 a multiple of 107?
True
Does 63 divide 23121?
True
Is 19 a factor of 13390521?
False
Does 78 divide 30655820?
False
Is 2540540 a multiple of 20?
True
Is 908180 a multiple of 455?
True
Is 24 a factor of 1034662?
False
Is 366544 a multiple of 86?
False
Does 28 divide 1403500?
True
Is 62200 a multiple of 200?
True
Is 2 a factor of 3323849?
False
Is 9 a factor of 685269?
True
Is 76 a factor of 71136?
True
Is 49 a factor of 4067?
True
Does 25 divide 318350?
True
Is 142534 a multiple of 5?
False
Is 2036304 a multiple of 8?
True
Is 113 a factor of 21006210?
False
Does 825 divide 388084?
False
Is 545265 a multiple of 15?
True
Is 100962 a multiple of 158?
True
Is 226 a factor of 668660?
False
Is 4 a factor of 390671?
False
Is 133996 a multiple of 18?
False
Does 15 divide 439890?
True
Does 577 divide 265788?
False
Is 5542988 a multiple of 92?
False
Is 3176424 a multiple of 2?
True
Is 108 a factor of 2144732?
False
Does 470 divide 162620?
True
Does 8 divide 9715144?
True
Does 38 divide 617234?
True
Is 1750805 a multiple of 16?
False
Is 2557257 a multiple of 524?
False
Does 69 divide 14254?
False
Is 2 a factor of 54702?
True
Does 220 divide 292600?
True
Does 396 divide 748597?
False
Is 3048223 a multiple of 177?
False
Does 385 divide 1851465?
True
Does 31 divide 4503614?
False
Does 21 divide 61256?
False
Is 16122617 a multiple of 7?
True
Is 590409 a multiple of 27?
True
Is 565 a factor of 27302495?
True
Does 63 divide 5245741?
False
Does 33 divide 548823?
True
Is 60306 a multiple of 23?
True
Does 398 divide 6200724?
False
Does 858 divide 3214926?
True
Is 767404 a multiple of 163?
True
Does 100 divide 144617?
False
Is 7 a factor of 11336388?
True
Is 2138787 a multiple of 21?
True
Does 26 divide 1924?
True
Does 11 divide 6677077?
True
Is 284 a factor of 420036?
True
Is 2367682 a multiple of 146?
True
Is 106 a factor of 295210?
True
Is 6621015 a multiple of 8?
False
Is 3 a factor of 122111?
False
Does 88 divide 55312?
False
Does 51 divide 37792?
False
Does 411 divide 2620865?
False
Is 2587181 a multiple of 12?
False
Does 41 divide 504093?
False
Is 1226196 a multiple of 36?
True
Is 3316 even?
True
Is 62 a factor of 131006?
True
Does 10 divide 10256?
False
Does 9 divide 85347?
True
Is 379 a factor of 2863345?
True
Is 10774582 a multiple of 65?
False
Is 147183 a multiple of 71?
True
Does 51 divide 196452?
True
Is 109 a factor of 837556?
True
Is 126 a factor of 460854?
False
Is 317474 a multiple of 362?
True
Is 1378169 a multiple of 8?
False
Is 619675 a multiple of 4?
False
Is 1500122 a multiple of 74?
False
Is 15052 a multiple of 26?
False
Is 118427 a multiple of 23?
True
Does 67 divide 90249?
True
Is 10148670 a multiple of 1810?
True
Is 15 a factor of 42075?
True
Is 41 a factor of 1498960?
True
Is 185 a factor of 186850?
True
Is 634841 a multiple of 415?
False
Does 490 divide 6252890?
True
Is 318 a factor of 516114?
True
Is 355 a factor of 1659270?
True
Is 21 a factor of 104580?
True
Is 612505 a multiple of 51?
False
Is 11782626 a multiple of 15?
False
Is 25 a factor of 538454?
False
Is 7481 a multiple of 201?
False
Does 317 divide 244490?
False
Does 473 divide 1091533?
False
Is 66637 a multiple of 6?
False
Is 69 a factor of 2112218?
False
Is 511692 a multiple of 54?
False
Is 415527 a multiple of 21?
True
Is 15285 a multiple of 2?
False
Is 227448 a multiple of 104?
True
Does 2 divide 23583?
False
Does 589 divide 2203449?
True
Is 2937617 a multiple of 3?
False
Is 1084200 a multiple of 200?
True
Is 22559262 a multiple of 129?
True
Does 117 divide 6746184?
False
Is 63 a factor of 2247966?
True
Is 33 a factor of 22143?
True
Is 205 a factor of 1039760?
True
Is 505 a factor of 8985970?
True
Is 11 a factor of 1963886?
False
Does 13 divide 16926?
True
Is 209794 a multiple of 4?
False
Is 2194942 a multiple of 14?
False
Is 2518502 a multi